r + 6. Suppose 0 = 96*x - 103*x. Determine h(x).
6
Let b(r) = -11*r**3 + 11*r**2 + 2*r - 19. Let j(q) = 4*q**3 - 4*q**2 - q + 7. Let i(p) = -3*b(p) - 8*j(p). Suppose n = 3*d - 9, -9 = 3*n - 0. Determine i(d).
9
Let s(i) = 3*i - 4*i + 0*i + 4. Suppose 2*y = 5*y + 5*r + 10, 2*r = -2*y. Suppose -60 = 13*p + y. Determine s(p).
9
Let o(u) = 22*u - 1. Let d(p) = -p**3 - p**2 - 7*p - 20. Let s be d(-2). Calculate o(s).
-45
Let w(n) = n**3 + 7*n**2 + n + 7. Let a = 69 - 109. Let m(f) = -2*f**3 - 6*f**2 + f + 5. Let i be m(-4). Let r = a + i. Give w(r).
0
Suppose -2*s + 1 = -5. Suppose s*y + 8 = z, 3*z - 7*y = -2*y + 20. Let l(r) = r - 4. What is l(z)?
1
Let p(t) = 0 + 7 - 4*t + 12. What is p(7)?
-9
Let b(v) be the first derivative of -v**3/3 - 3*v**2 + 7*v + 7. Let d be b(-4). Suppose d*s = 18*s. Let h(j) = -j + 10. Determine h(s).
10
Let w = 1784 + -1795. Let y(b) = b**2 + 15*b - 7. Give y(w).
-51
Let y(j) = -j + 22. Let s be y(10). Suppose 0*q - 3*q + s = 0. Let l(r) = -4*r - 5. Calculate l(q).
-21
Let n(d) = 0*d**2 - d**3 + 18 + 2*d**2 - 3*d**2 - 16. Determine n(0).
2
Suppose 2*q = 5*d - 21, 3*q - 6*q = -d + 12. Let v(l) be the third derivative of l**6/120 + l**5/20 - l**4/8 + l**3/3 + 4*l**2. Give v(q).
11
Let t be 32/5 + (-12)/30. Let v = 7 + -5. Let o(q) = -2 + q**3 - 7*q**2 + 0*q**3 - v + 6*q. Calculate o(t).
-4
Let o(v) = 6*v. Let g(k) = k**3 + 9*k**2 + 4. Suppose n - 10 = -4*n. Let t(h) = -h**2 - 1. Let m(i) = n*t(i) + g(i). Let q be m(-7). Give o(q).
12
Suppose 150 = 2*b - 60. Let s = b - 111. Let m(n) = 5*n + 6. Determine m(s).
-24
Let j(g) = 4*g + 2*g - 10 - 12. Let y(f) = f + 13 + 19 + f - 39. Let k(n) = -5*j(n) + 16*y(n). Give k(4).
6
Let k(s) be the second derivative of 0 - s + 1/40*s**5 - 1/12*s**4 - 1/360*s**6 + 0*s**2 - 1/2*s**3. Let n(j) be the second derivative of k(j). Calculate n(2).
0
Let j(s) = -s**2 - 2*s - 3. Let r be j(3). Let o = -19 - r. Let h be (-2)/(-4)*12/o. Let x(a) = a**3 + 5*a**2 - 8*a - 4. Calculate x(h).
8
Let p(l) be the second derivative of -l**5/20 - l**4/12 - l**3/3 - l**2/2 - 45*l. What is p(-2)?
7
Let u(t) = -3 - t + 9*t + 0*t. Suppose -5*x + 3*v + 46 = 0, -v = 3*x - 23 + 1. Suppose 4*k - 4*w = -8*w + x, 0 = -w. Determine u(k).
13
Let b be (-1 + 0/(-4))*-5. Let s(u) be the first derivative of 2*u**2 + 11*u - 2. Let d(h) = -3*h - 10. Let x(a) = 6*d(a) + 5*s(a). Give x(b).
5
Let m be (-7 - 0/3)*-1. Let h(i) be the first derivative of -i**3/3 + 7*i**2/2 + 2*i - 53. Give h(m).
2
Let j(s) = -11*s + 2. Let m(x) = 3*x + 5*x - 1 - 3*x. Let g = 0 - 4. Let i(h) = g*j(h) - 9*m(h). Calculate i(-5).
6
Let v(g) be the first derivative of 31*g**2/2 + 2*g - 539. Give v(2).
64
Let u(g) = -g**2 + 14*g + 22. Let j be -7 + ((-214)/(-10) - (-8)/(-20)). Determine u(j).
22
Let d(j) be the first derivative of -j + 1/2*j**2 + 10/3*j**3 - 6. Give d(1).
10
Suppose 4*n = c - 0 - 1, 2*c = 4*n + 2. Suppose 2*f - w - 4 - 1 = 0, n = -f + 4*w - 1. Let m(t) = 9*t - 5*t - 3*t - 3*t + t - 2. Calculate m(f).
-5
Let l be 6*1 - (12 + -10). Let m(g) = -2*g**2 - 2*g**2 - 2*g**2 - l + 0*g + 7*g + g**3. Determine m(5).
6
Let k be (-40)/6 + 4*4/(-48). Let a = 0 + k. Let c(j) = j**3 + 7*j**2 + 2*j + 3. Calculate c(a).
-11
Let y(g) = g**2 - 8*g - 9. Suppose z + 5 = -4*r, 4*r + 4*z = 5*z + 5. Suppose 0 = -r*t + 16*t - 144. Determine y(t).
0
Let i(k) = k**2 + k + 1. Let z(f) = -4*f**3 + 2*f**2 + 4*f + 4. Let v(j) = 3*i(j) - z(j). Let s be (4 + -6)*2/4. What is v(s)?
-3
Let m(d) be the second derivative of 0 - 1/12*d**4 + 1/6*d**3 - 1/2*d**2 - 3*d. Let q be -1 - -2*(-3)/6. Give m(q).
-7
Let w(r) be the third derivative of -1/120*r**6 + 0 + 8*r**2 - 1/2*r**3 + 0*r + 1/60*r**5 + 1/8*r**4. Determine w(3).
-12
Let t(a) = a**2 + 5*a + 4. Let g be t(-5). Let k be g - 2/(6/3). Let s(o) = -k*o + 3 + 0 + o + o. Give s(4).
-1
Suppose -2*l = 4*v - 40, 4*l - 4*v + 5 = 49. Let k(d) = d**3 - 17*d**2 + 42*d + 2. Give k(l).
2
Let i(m) = m + 4. Let z(x) = -x**3 - 8*x**2 - 3*x - 3. Suppose 0 = n - 6*n - 30. Let u be z(n). Let w be 2/16 + u/8. What is i(w)?
-3
Let s be 0*((-55)/(-10))/(-11) - 0. Let b(q) = -q**2 - q + 2. Give b(s).
2
Suppose -5*m = 7*m - 552. Suppose -12*b - m = -154. Let z(v) = -v + 6. What is z(b)?
-3
Let j = -2167 - -2174. Let i(v) = 2 - 8*v + 3*v + 6*v. Calculate i(j).
9
Let v(o) be the second derivative of -o**4/2 - 7*o**3/6 - 11*o**2/2 + 2*o - 5. Let q(b) = -5*b**2 - 7*b - 10. Let w(a) = -5*q(a) + 4*v(a). Calculate w(-5).
-4
Let p(f) be the second derivative of f**3/3 - 25*f**2/2 - 88*f. Calculate p(18).
11
Let u(w) = -11*w**3 + 2*w**2 + 2*w - 3. Let b be u(1). Let h(z) = z**2 + 8*z - 21. Give h(b).
-1
Suppose 0 = -12*d + 15*d - 90. Suppose -18 = 6*k + d. Let c(f) = -f**3 - 7*f**2 + 9*f + 12. Calculate c(k).
4
Let w be -4 - (7 - 4) - 2. Let f be (-8)/3*w/(-6). Let q(d) = -d**3 - 4*d**2 + 2*d + d**2 - 4 + 2*d. Determine q(f).
-4
Let z(b) = -2*b**2 - 4 - 3*b**2 + 4*b**2 + 7*b. Let n(h) = -h - 7. Let i be n(-4). Let q be 130/39*i/(-2). Calculate z(q).
6
Let j(w) = w**3 + 3*w**2 - 5*w + 7. Let v be j(-5). Let c = v + 22. Let s(d) = -2*d - c*d + 2 + 2 - 3. Calculate s(2).
-11
Let s = -9 + 14. Let t(m) = -16 + 9 - m + s. Let y = -8 - -4. Give t(y).
2
Let x(h) = 3*h + 1. Let a be 5 + -4 + 3 + -1 + -10. Give x(a).
-20
Let j(s) be the third derivative of s**4/6 + 5*s**3/3 + 70*s**2. Give j(-5).
-10
Let b be -13 + 11 - 8*-5. Let p = b - 33. Let h(l) = l**2 - 7*l. Calculate h(p).
-10
Let w(s) be the third derivative of -s**6/120 - 3*s**5/20 - 5*s**4/12 - 10*s**3/3 - 146*s**2. What is w(-8)?
-4
Let o(v) = -v**2 - 7*v - 10. Suppose s - 5*q - 20 = 0, 2*s - 4*q + 9 = 19. What is o(s)?
0
Let y(a) be the second derivative of a**5/20 + a**4/3 + a**3/2 + 3*a**2 + 41*a + 2. Determine y(-4).
-6
Let k(i) = -3*i**3 + 3*i**2 - i - 2. Let d(g) = g**2 - 19*g + 5. Let t be d(14). Let f = -30 - t. Suppose -5*h - f = u - 12, 0 = 4*u + 2*h + 2. Determine k(u).
-16
Suppose 13*f = 10*f - 150. Let w = 34 + f. Let d = w - -10. Let b(x) = x + 10. What is b(d)?
4
Let v(u) = u - 3*u + 27 + 0*u**3 + u**3 - 4*u**2 + 22 - 47. Let l(t) = t**2. Suppose -2*k = 2*m - 0*m - 8, 0 = 4*m - 4*k. Let o be l(m). Determine v(o).
-6
Let h be 1 - (-2 - 1)/1. Suppose -7 = -h*i + 17. Let l(p) = 4*p + i - 2*p**2 - p**3 - 2*p - 6. Determine l(-3).
3
Let h be (-9 - -9)/(1 - -1). Let g(o) be the second derivative of 1/20*o**5 + 5*o - 1/2*o**2 - 2/3*o**3 + h + 1/4*o**4. Calculate g(-3).
11
Let o(n) = -2*n. Let m be o(-6). Suppose -8*j = -j + 63. Let z = j + m. Let v(b) = b + 3. Calculate v(z).
6
Suppose 0 = -2*l + 29 - 15. Let r be l/7 - (2 - -1). Let h(v) = v**2 + 2*v + 3. Give h(r).
3
Let k(t) = 5*t - 1. Let l be (26/6 + -3)*3. Suppose l*r + 10 = -6*h + 3*h, -4*r - h = 6. Calculate k(r).
-6
Let a(z) = -3*z**2 + 6*z**2 - 5*z + 0*z - 7 - 2*z**2. What is a(6)?
-1
Let m(p) be the second derivative of p**7/840 + p**6/360 - p**3/6 - 27*p**2/2 + 3*p. Let z(b) be the second derivative of m(b). Give z(1).
2
Let q(i) = -45 - 49 + 200 - 49 - 3*i - 52. Determine q(5).
-10
Let u be (-3 - -9)*13/(-2). Let z = 43 + u. Let b(h) = 2 - z*h**2 + 0 + 54*h**3 - 53*h**3 + h. Determine b(4).
6
Let l(i) = 2*i**3 - 11*i**2 + 7*i - 6. Let k(h) = h**3 - 6*h**2 + 3*h + 15. Let g be k(5). Let q be l(g). Let o(z) = -z**3 + 5*z**2 + 2*z - 6. Determine o(q).
18
Suppose -9*q + 30 = -4*q. Suppose c - 3*c + q = 0, 3*o = 3*c. Suppose -6*y + o*y - 21 = 0. Let f(d) = d**2 + 7*d - 4. Give f(y).
-4
Suppose 4*a = -m - 20, 0 - 10 = -2*m + 2*a. Let x(h) = h**2 + m*h + 7 + 3*h + 3*h. Calculate x(-5).
2
Let l(t) = -t**2 + 19*t - 34. Let q = -359 + 376. Give l(q).
0
Let f(i) = -5*i + 3 - 45*i**3 + 0 + 46*i**3 - i**2. What is f(3)?
6
Let u be (22/77)/((-1)/7). Let a(i) = -i + 5. Let t be a(u). Let b(o) = o**3 - 6*o**2 - 7*o. Calculate b(t).
0
Let f(s) be the second derivative of s**3/2 + 2*s**2 - 15*s. Let c be f(-2). Let h(k) = 4*k - 2. Calculate h(c).
-10
Let t(s) be the second derivative of -s**5/20 - s**3/6 + 2*s**2 - 2*s. Let y = -6 + 6. Calculate t(y).
4
Suppose -l + 6*l - 15 = 0. Let a(j) = j**2 + 17*j + 32. Let o be a(-15). Suppose -w + 4*r + 0*r - 12 = 0, o*w = -l*r - 2. Let v(h) = h**2 + 2*h - 3. Give v(w).
5
Let o(y) = -2*y**2 - 2*y. Let x = 43 + -12. Suppose 3*z - x = 2*i, 4*z - 2*i - 19 - 21 = 0. Suppose -z*r = -6*r + 6. Calculate o(r).
-